e factors of 21375?
3, 5, 19
What are the prime factors of 541?
541
List the prime factors of 2468.
2, 617
What are the prime factors of 27226?
2, 13613
List the prime factors of 18913.
18913
What are the prime factors of 4025?
5, 7, 23
What are the prime factors of 366?
2, 3, 61
List the prime factors of 1922.
2, 31
List the prime factors of 27563.
43, 641
What are the prime factors of 2835?
3, 5, 7
What are the prime factors of 159?
3, 53
What are the prime factors of 9527?
7, 1361
What are the prime factors of 173?
173
List the prime factors of 2756.
2, 13, 53
What are the prime factors of 56470?
2, 5, 5647
List the prime factors of 7727.
7727
List the prime factors of 388.
2, 97
List the prime factors of 26705.
5, 7, 109
List the prime factors of 1327.
1327
List the prime factors of 4518.
2, 3, 251
List the prime factors of 9796.
2, 31, 79
What are the prime factors of 20985?
3, 5, 1399
List the prime factors of 8469.
3, 941
What are the prime factors of 14899?
47, 317
What are the prime factors of 2426?
2, 1213
List the prime factors of 39192.
2, 3, 23, 71
What are the prime factors of 66?
2, 3, 11
List the prime factors of 140904.
2, 3, 19, 103
What are the prime factors of 15428?
2, 7, 19, 29
What are the prime factors of 100317?
3, 7, 17, 281
What are the prime factors of 1147?
31, 37
List the prime factors of 424.
2, 53
What are the prime factors of 1315?
5, 263
What are the prime factors of 19614?
2, 3, 7, 467
What are the prime factors of 1922?
2, 31
List the prime factors of 79557.
3, 23, 1153
List the prime factors of 3546.
2, 3, 197
List the prime factors of 1090.
2, 5, 109
What are the prime factors of 2849?
7, 11, 37
What are the prime factors of 5287?
17, 311
What are the prime factors of 59?
59
What are the prime factors of 612?
2, 3, 17
What are the prime factors of 118514?
2, 11, 5387
What are the prime factors of 1385?
5, 277
List the prime factors of 195.
3, 5, 13
What are the prime factors of 18231?
3, 59, 103
What are the prime factors of 8395?
5, 23, 73
What are the prime factors of 4675?
5, 11, 17
What are the prime factors of 11239?
11239
List the prime factors of 285.
3, 5, 19
List the prime factors of 3886.
2, 29, 67
List the prime factors of 46461.
3, 17, 911
List the prime factors of 13964.
2, 3491
List the prime factors of 4821.
3, 1607
What are the prime factors of 240?
2, 3, 5
What are the prime factors of 21028?
2, 7, 751
What are the prime factors of 4701?
3, 1567
What are the prime factors of 7560?
2, 3, 5, 7
What are the prime factors of 76490?
2, 5, 7649
List the prime factors of 23825.
5, 953
What are the prime factors of 1919?
19, 101
What are the prime factors of 5857?
5857
List the prime factors of 4186.
2, 7, 13, 23
List the prime factors of 35009.
13, 2693
List the prime factors of 154829.
107, 1447
List the prime factors of 490.
2, 5, 7
What are the prime factors of 52086?
2, 3, 8681
What are the prime factors of 608?
2, 19
What are the prime factors of 189?
3, 7
What are the prime factors of 8550?
2, 3, 5, 19
List the prime factors of 883.
883
What are the prime factors of 667?
23, 29
List the prime factors of 105.
3, 5, 7
What are the prime factors of 1094?
2, 547
List the prime factors of 10408.
2, 1301
List the prime factors of 229.
229
What are the prime factors of 12256?
2, 383
List the prime factors of 686.
2, 7
What are the prime factors of 1849?
43
What are the prime factors of 2787?
3, 929
What are the prime factors of 14710?
2, 5, 1471
List the prime factors of 464.
2, 29
What are the prime factors of 776?
2, 97
List the prime factors of 303.
3, 101
List the prime factors of 6179.
37, 167
List the prime factors of 829.
829
List the prime factors of 15054.
2, 3, 13, 193
What are the prime factors of 50851?
211, 241
List the prime factors of 38151.
3, 157
What are the prime factors of 194?
2, 97
List the prime factors of 1531.
1531
What are the prime factors of 47022?
2, 3, 17, 461
List the prime factors of 12295.
5, 2459
What are the prime factors of 6633?
3, 11, 67
List the prime factors of 18065.
5, 3613
List the prime factors of 1284.
2, 3, 107
List the prime factors of 644.
2, 7, 23
List the prime factors of 50572.
2, 47, 269
What are the prime factors of 54190?
2, 5, 5419
What are the prime factors of 1599?
3, 13, 41
List the prime factors of 125.
5
What are the prime factors of 7894?
2, 3947
What are the prime factors of 4947?
3, 17, 97
List the prime factors of 507.
3, 13
List the prime factors of 37985.
5, 71, 107
List the prime factors of 195.
3, 5, 13
List the prime factors of 20202.
2, 3, 7, 13, 37
What are the prime factors of 695?
5, 139
What are the prime factors of 44667?
3, 7, 709
List the prime factors of 97954.
2, 17, 43, 67
What are the prime factors of 43?
43
What are the prime factors of 397?
397
List the prime factors of 4054.
2, 2027
List the prime factors of 12635.
5, 7, 19
List the prime factors of 25250.
2, 5, 101
What are the prime factors of 956?
2, 239
What are the prime factors of 84912?
2, 3, 29, 61
List the prime factors of 1355.
5, 271
List the prime factors of 12127.
67, 181
What are the prime factors of 619?
619
List the prime factors of 1936.
2, 11
List the prime factors of 6981.
3, 13, 179
What are the prime factors of 13095?
3, 5, 97
What are the prime factors of 1859?
11, 13
What are the prime factors of 95539?
95539
What are the prime factors of 49908?
2, 3, 4159
List the prime factors of 1050.
2, 3, 5, 7
What are the prime factors of 1652?
2, 7, 59
List the prime factors of 2791.
2791
List the prime factors of 83015.
5, 16603
What are the prime factors of 2619?
3, 97
List the prime factors of 1580.
2, 5, 79
List the prime factors of 9701.
89, 109
What are the prime factors of 924?
2, 3, 7, 11
What are the prime factors of 8234?
2, 23, 179
List the prime factors of 895.
5, 179
What are the prime factors of 913?
11, 83
What are the prime factors of 1018?
2, 509
List the prime factors of 2854.
2, 1427
List the prime factors of 4938.
2, 3, 823
What are the prime factors of 19566?
2, 3, 1087
List the prime factors of 21439.
11, 1949
List the prime factors of 20924.
2, 5231
What are the prime factors of 129338?
2, 11, 5879
What are the prime factors of 24734?
2, 83, 149
What are the prime factors of 1329?
3, 443
List the prime factors of 15414.
2, 3, 7, 367
List the prime factors of 1748.
2, 19, 23
List the prime factors of 289.
17
List the prime factors of 10354.
2, 31, 167
What are the prime factors of 38152?
2, 19, 251
What are the prime factors of 1480?
2, 5, 37
What are the prime factors of 153827?
199, 773
List the prime factors of 45337.
45337
What are the prime factors of 6610?
2, 5, 661
List the prime factors of 133.
7, 19
List the prime factors of 104558.
2, 23, 2273
What are the prime factors of 30526?
2, 15263
What are the prime factors of 8537?
8537
What are the prime factors of 11482?
2, 5741
What are the prime factors of 479?
479
List the prime factors of 1065.
3, 5, 71
What are the prime factors of 105014?
2, 7, 13, 577
List the prime factors of 2447.
2447
List the prime factors of 495.
3, 5, 11
What are the prime factors of 28424?
2, 11, 17, 19
List the prime factors of 24254.
2, 67, 181
List the prime factors of 5515.
5, 1103
What are the prime factors of 2409?
3, 11, 73
What are the prime factors of 1441?
11, 131
What are the prime factors of 53685?
3, 5, 1193
List the prime factors of 10093.
10093
What are the prime factors of 15588?
2, 3, 433
List the prime factors of 67632.
2, 3, 1409
List the prime factors of 109855.
5, 127, 173
What are the prime factors of 1793?
11, 163
List the prime factors of 2421.
3, 269
List the prime factors of 14378.
2, 7, 13, 79
What are the prime factors of 2734?
2, 1367
What are the prime factors of 889?
7, 127
List the prime factors of 5039.
5039
What are the prime factors of 591?
3, 197
What are the prime factors of 8168?
2, 1021
List the prime factors of 79308.
2, 3, 2203
What are the prime factors of 2107?
7, 43
List the prime factors of 4768.
2, 149
List the prime factors of 116553.
3, 38851
What are the prime factors of 1494?
2, 3, 83
List the prime factors of 299.
13, 23
List the prime factors of 61788.
2, 3, 19, 271
List the prime factors of 2179.
2179
What are the prime factors of 27761?
1